351?
39
What is the highest common divisor of 176 and 176?
176
What is the highest common factor of 15 and 1095?
15
Calculate the highest common factor of 810 and 216.
54
What is the greatest common divisor of 2960 and 80?
80
Calculate the highest common factor of 1521 and 2223.
117
What is the greatest common factor of 52 and 169?
13
Calculate the highest common divisor of 24 and 64.
8
Calculate the greatest common factor of 495 and 90.
45
What is the greatest common factor of 96 and 224?
32
What is the highest common factor of 231 and 1281?
21
Calculate the greatest common factor of 2249 and 39.
13
What is the greatest common factor of 364 and 663?
13
Calculate the highest common divisor of 224 and 14.
14
What is the highest common divisor of 2 and 17?
1
Calculate the greatest common divisor of 445 and 10.
5
What is the highest common factor of 14 and 1687?
7
Calculate the greatest common divisor of 1242 and 216.
54
Calculate the greatest common factor of 388 and 16.
4
What is the highest common divisor of 376 and 25756?
188
What is the highest common divisor of 12450 and 100?
50
Calculate the greatest common factor of 345 and 138.
69
What is the highest common factor of 123 and 164?
41
Calculate the greatest common divisor of 39 and 339.
3
What is the highest common factor of 270 and 9?
9
Calculate the greatest common divisor of 80 and 1640.
40
Calculate the greatest common factor of 252 and 140.
28
What is the highest common divisor of 104 and 11128?
104
Calculate the highest common factor of 116 and 29.
29
What is the highest common divisor of 20 and 19?
1
What is the greatest common factor of 60 and 102?
6
Calculate the greatest common divisor of 510 and 1615.
85
Calculate the greatest common factor of 39100 and 200.
100
Calculate the highest common divisor of 385 and 154.
77
Calculate the highest common factor of 20 and 34200.
20
Calculate the greatest common divisor of 741 and 21983.
247
Calculate the greatest common divisor of 3150 and 252.
126
Calculate the greatest common factor of 266 and 1102.
38
What is the highest common factor of 84 and 399?
21
What is the greatest common factor of 64 and 160?
32
What is the highest common divisor of 30 and 570?
30
What is the highest common factor of 217 and 14?
7
What is the highest common divisor of 13 and 819?
13
Calculate the highest common factor of 588 and 9.
3
Calculate the highest common divisor of 117 and 741.
39
Calculate the greatest common factor of 880 and 517.
11
What is the highest common factor of 40 and 905?
5
What is the greatest common factor of 39676 and 109?
109
Calculate the highest common divisor of 564 and 4089.
141
Calculate the highest common factor of 8 and 1396.
4
Calculate the greatest common factor of 294 and 6.
6
Calculate the greatest common divisor of 1702 and 296.
74
Calculate the highest common divisor of 22 and 10109.
11
What is the highest common factor of 232 and 29?
29
What is the highest common factor of 252 and 532?
28
Calculate the greatest common divisor of 35 and 420.
35
What is the highest common factor of 20 and 1136?
4
Calculate the highest common factor of 1166 and 66.
22
Calculate the highest common divisor of 29370 and 33.
33
Calculate the greatest common divisor of 2159 and 4699.
127
Calculate the highest common factor of 10710 and 34.
34
What is the highest common divisor of 194 and 8?
2
Calculate the highest common divisor of 165 and 22.
11
What is the greatest common divisor of 80 and 272?
16
Calculate the highest common divisor of 6 and 57.
3
Calculate the highest common divisor of 6 and 147.
3
What is the greatest common factor of 2844 and 72?
36
What is the greatest common factor of 356 and 7298?
178
Calculate the greatest common factor of 422 and 55493.
211
What is the highest common divisor of 1530 and 198?
18
What is the greatest common factor of 60 and 160?
20
Calculate the greatest common factor of 99 and 264.
33
Calculate the greatest common factor of 21 and 1869.
21
What is the greatest common divisor of 170 and 816?
34
Calculate the greatest common factor of 123 and 164.
41
What is the highest common factor of 1392 and 48?
48
What is the greatest common divisor of 552 and 4?
4
What is the highest common factor of 2054 and 948?
158
Calculate the highest common divisor of 1376 and 8.
8
What is the greatest common factor of 253 and 184?
23
What is the greatest common divisor of 72 and 88?
8
What is the highest common divisor of 88 and 7832?
88
What is the greatest common divisor of 299 and 39?
13
Calculate the highest common divisor of 108 and 675.
27
What is the highest common divisor of 312 and 1482?
78
What is the greatest common divisor of 440 and 88?
88
What is the highest common divisor of 2726 and 1880?
94
Calculate the greatest common divisor of 39 and 1053.
39
Calculate the highest common divisor of 30 and 22280.
10
Calculate the greatest common divisor of 2365 and 165.
55
What is the highest common factor of 18190 and 510?
170
Calculate the highest common factor of 11 and 21670.
11
Calculate the greatest common factor of 8996 and 1038.
346
What is the greatest common factor of 441 and 9?
9
Calculate the greatest common factor of 16848 and 117.
117
What is the highest common factor of 82 and 4100?
82
Calculate the greatest common divisor of 6 and 438.
6
Calculate the highest common factor of 576 and 1296.
144
Calculate the greatest common divisor of 25 and 27350.
25
What is the greatest common divisor of 2675 and 107?
107
What is the greatest common divisor of 171 and 57?
57
Calculate the highest common factor of 265 and 689.
53
Calculate the greatest common divisor of 55 and 11.
11
Calculate the highest common factor of 488 and 1586.
122
Calculate the greatest common factor of 5587 and 185.
37
What is the greatest common factor of 14 and 35?
7
What is the greatest common divisor of 72 and 81?
9
What is the greatest common factor of 56 and 35?
7
What is the highest common divisor of 12 and 96?
12
Calculate the greatest common divisor of 9 and 603.
9
What is the greatest common factor of 29792 and 294?
98
Calculate the greatest common divisor of 54494 and 22.
22
Calculate the highest common factor of 30 and 402.
6
What is the highest common divisor of 86 and 4?
2
What is the greatest common divisor of 851 and 115?
23
Calculate the highest common factor of 532 and 95.
19
What is the greatest common divisor of 5937 and 3?
3
What is the greatest common factor of 18 and 42?
6
Calculate the greatest common factor of 81 and 18.
9
What is the greatest common factor of 1044 and 54?
18
Calculate the highest common factor of 24 and 756.
12
What is the highest common factor of 308 and 176?
44
Calculate the greatest common divisor of 18 and 62.
2
Calculate the highest common divisor of 72 and 540.
36
What is the highest common divisor of 78 and 1326?
78
Calculate the highest common factor of 2846 and 2.
2
What is the greatest common factor of 106 and 2597?
53
What is the greatest common factor of 3024 and 896?
112
What is the greatest common divisor of 942 and 30772?
314
Calculate the highest common factor of 29 and 5.
1
What is the greatest common divisor of 184 and 46?
46
What is the greatest common divisor of 270 and 144?
18
What is the greatest common divisor of 376 and 37036?
188
What is the highest common divisor of 44 and 605?
11
What is the greatest common factor of 14 and 1?
1
What is the highest common factor of 520 and 65?
65
Calculate the greatest common factor of 372 and 72.
12
Calculate the greatest common divisor of 64 and 80.
16
Calculate the greatest common divisor of 212 and 16.
4
Calculate the greatest common factor of 32 and 92.
4
What is the greatest common factor of 1837 and 167?
167
What is the highest common factor of 141 and 2397?
141
What is the highest common factor of 16 and 616?
8
What is the highest common factor of 12 and 996?
12
What is the highest common factor of 441 and 1617?
147
What is the greatest common divisor of 14829 and 3?
3
Calculate the greatest common divisor of 7 and 7.
7
Calculate the highest common factor of 56 and 1064.
56
Calculate the greatest common divisor of 74 and 4736.
74
What is the greatest common divisor of 246 and 186?
6
Calculate the greatest common factor of 19140 and 2